hat is the value of 9 - (9 + -9 + 4 + -6 + 3)?
8
-1 + -11 - (-24 + 14)
-2
Evaluate -15 + 5 + (-1 - -5 - (19 + -13)).
-12
What is the value of (-3 - (-20 - (-7 - -8))) + -5?
13
What is the value of 7 + (3 + 6 + 5 - -4) + 11?
36
3 + 1 - (143 + -145)
6
Calculate -7 - (5 + (6 + -15 - 1)).
-2
What is (-7 - (-17 - (6 + 1))) + -7?
10
Evaluate -3 - (-15 - (-36 + 14) - (0 + 12)).
2
2 - -1 - (-8 + 6 + 7 - 5)
3
Evaluate 2 + 2 - (33 + (-12 - -2 - 0)).
-19
What is the value of 3 + -2 - ((11 - 32) + 11 + 21)?
-10
What is the value of 5 - (1 - 9) - (-113 - -107)?
19
-13 + (-1 - (14 + -7))
-21
What is the value of -1 - (19 - 11 - (0 + 1))?
-8
What is 1 + (-1 - 1) + 1 + 6?
6
What is -6 + (8 + -5 + 21 - 9)?
9
What is the value of -28 + (-7 - 7) - -18?
-24
Calculate -5 + (-1 + (-9 - -8) - -11).
4
(3 - 4 - 5 - (3 - 8)) + 2
1
Evaluate (-3 - -3 - 2) + 32 + -35 + -9.
-14
What is the value of (-4 - (-1 + -11)) + -34 + 0?
-26
Evaluate 38 - (13 + -48 - -35).
38
What is the value of (3 - 14) + 188 + -169?
8
What is (-15 - 5) + 23 + 19?
22
-28 + 6 + 8 + 10
-4
What is -20 + 18 - -24 - (3 + 3)?
16
What is -1 - (-21 + 9 + -1 + 7)?
5
Evaluate ((-13 - 5) + 6 - -4) + 29.
21
Calculate 19 + (-13 - 3) + (3 - (6 + -19)).
19
Evaluate -15 + -6 + (8 - -12).
-1
What is the value of -1 - (8 + -5 + 0) - (0 + -5)?
1
Calculate -9 + (-4 - (9 + -10)).
-12
-9 + -1 + (59 + -24 - 23)
2
What is the value of 4 + -1 + (-1 - -4) + (97 - 125)?
-22
-7 + (-7 - -16) + -12
-10
-7 + 6 + (5 - 7) + 8 + 4
9
Evaluate (-4 + 8 - 3) + (56 - 51) + -25.
-19
What is 1 - (-5 + (5 - -4) - 5)?
2
-1 - 2 - (-5 + 9 + -9) - 29
-27
What is the value of -39 + 14 + 18 - (-3 + 3 + -5)?
-2
What is (-3 - 6) + (-4 + 10 - 0) + -11?
-14
-2 + 5 - 4 - 2 - 6
-9
-30 + (14 - (9 - 7))
-18
Evaluate 45 - (-15 - 4 - -47).
17
What is 8 + (-25 - -3) + 93 + -79?
0
What is -2 + (-1 - -16) + -2 - (127 - 126)?
10
What is -19 - ((1 - 8) + (18 - 20) + 8)?
-18
What is -19 + 0 + (21 + 1 - 11 - 12)?
-20
Evaluate -2 + -1 + (38 - 4) + -12.
19
What is (-5 - (-7 + (-7 - -14))) + 7?
2
What is the value of 5 - (99 - 92 - (9 + -1) - -10)?
-4
Calculate (14 - 21) + 24 + 4 + 11.
32
What is the value of (15 - 6) + -4 - (4 + -4)?
5
What is the value of (6 - (2 + 5)) + 8 + 2 + -10?
-1
Evaluate (-15 - -38 - 6) + -9.
8
What is the value of (2 - 1 - -1) + -16 + 45 + -18?
13
What is the value of (-14 - -14) + 7 + -8?
-1
Calculate 2 + 8 + 2 - 12.
0
What is 1 + 0 + -2 + -5 - (-54 + 46)?
2
Evaluate 73 + -64 + (-1 - -1 - 17).
-8
Evaluate -2 + 20 + (1 - 10) - 22.
-13
What is -1 - (1 + (4 + -8 - (2 - 20)))?
-16
What is the value of 7 - (27 + -4 + -20 + 13)?
-9
9 - 19 - (-21 + (-1 - 5) - 7)
24
Calculate -27 - (-9 - -17) - -12.
-23
Evaluate -14 + 4 + 4 + (9 - 1).
2
What is the value of (3 - 19 - -9) + 1 + 11 + -4?
1
Evaluate (20 - 2) + (-8 + 1 - (0 - 11)).
22
What is the value of 2 - 14 - (31 - (26 + 3))?
-14
What is (5 - -10) + (14 - (-6 + 10))?
25
Calculate (-3 - (-43 + 17)) + -15.
8
What is -6 + -1 - (-15 - 1 - -20 - 0)?
-11
What is 0 + (-10 - (21 - 21) - (-32 + 0))?
22
Calculate -16 - -7 - (1 - 6).
-4
What is (-5 + 2 - (1 + 1)) + -1636 + 1609?
-32
What is -17 + 26 + (1 - 17) + 5?
-2
What is (-3 - -1 - (24 + -23)) + 12 - 10?
-1
-4 + 42 + (-40 - 0)
-2
What is (16 - 1) + 3 + (4 - (21 - 8))?
9
Calculate -18 + -10 + 30 - (0 + -4).
6
15 + -23 + 5 + -3 + 8 + 6
8
Evaluate 9 - 7 - (1 + -2 - -7).
-4
What is -31 + (39 - 15) + 9?
2
-6 + (2 - -10) + (-1 - (6 - 2))
1
-9 - ((-1 - 8) + 4 + 1)
-5
-4 + 7 + 1 - (-43 - -84)
-37
Evaluate -21 + 23 + -24 - (-4 - 8).
-10
Evaluate -14 + -15 + 5 - -11.
-13
What is 10 + (11 + -6 - -7 - 5)?
17
What is the value of -4 + -2 + -14 + 18?
-2
Calculate 13 - (12 - (1 - -3)).
5
Evaluate (-10 - (8 - 35) - 10) + 17 + -7.
17
-4 + -5 + -7 + 13 - -7
4
What is the value of -14 - ((32 - (-7 + 20)) + -9)?
-24
What is the value of 2 - (82 + (-35 - 5))?
-40
4 - (1 + -5 + 8 + -12 + 8)
4
-2 + (-4 - -1 - (0 - 0))
-5
Evaluate (-8 - -6) + 8 + (28 - 25).
9
What is (-1 - -3) + -2 - (-680 + 677)?
3
Evaluate -11 - (-12 - -11 - 4).
-6
Evaluate -71 - -65 - (-3 + 2).
-5
What is the value of -8 + (-6 - -10) - (0 - -2)?
-6
What is the value of -5 - (-4 + (7 - -2))?
-10
Evaluate (-42 - -28) + -21 + 68.
33
Calculate -10 + (14 - -9) + -1.
12
Calculate 2 + 7 + -6 + -19 + 17.
1
Evaluate -38 + 6 - -39 - (-1 - -1).
7
Evaluate 10 + -5 + 3 - (-8 - (-13 + 3)).
6
Calculate -23 + 11 + -8 + -7 + 9.
-18
Calculate (0 - -1 - 2) + 7 + -4 + -8.
-6
Evaluate 5 + (12 - 22) + -4.
-9
What is 0 + (-7 - (11 - 0) - (4 - 12))?
-10
Calculate (-30 - -21) + 4 + -6.
-11
Evaluate 20 + (-5 + 1 + (0 - 0) - 3).
13
What is the value of (-12 - (4 - -3)) + 12?
-7
Calculate 25 - (-20 - (-22 - 5)).
18
What is -51 + 7 + 14 + 4?
-26
Evaluate -6 - 10 - (2 + (-3 - -16)).
-31
What is 0 + -2 + -6 - (1 + -1 + 2)?
-10
What is the value of 12 - (22 - (-4 + 10))?
-4
(8 - (-17 + 14)) + -5
6
Calculate -1 + (-11 - -11 - 0).
-1
(-6 - 2) + (-4 - (5 - 5))
-12
(-7 - (11 + -8)) + 0 - -23
13
Evaluate -20 + 29 + -21 + 7.
-5
What is the value of -4 - -1 - (17 - 25)?
5
Calculate (9 - (-61 + 32)) + -16.
22
Evaluate (6 + 1 - (172 + -165)) + 2 + 1.
3
Calculate -24 - (-6 + 5 + -10 + 4).
-17
Calculate (-5 - -1) + 4 + 52 + -42.
10
What is the value of (-21 - 0) + (2 - 13 - -12)?
-20
What is (-620 - -638) + 0 + -14?
4
Calculate 13 + (6 - (5 + 14)).
0
What is the value of -7 + 6 + 7 - -2?
8
What is the value of -1 + -16 + (-4 - -4) + -124 + 128?
-13
What is the value of -36 - (-29 - 59) - 26?
26
Calculate -4 - (29 + -20 - (1 + 0) - 6).
-6
What is the value of 27 + -19 + (-19 - -26)?
15
Evaluate -11 - (2 + -7 + 1 - -5 - 7).
-5
Evaluate -7 + 85 + -81 - ((0 - -25) + 0).
-28
Calculate 2 - (7 + 19 + (-15 - -10)).
-19
What is -14 - ((15 - 32) + 14)?
-11
What is -1 - -7 - (-20 - (-2 + -16))?
8
Evaluate -2 - (-32 + 3) - (-393 + 399).
21
22 - 19 - 3 - 19
-19
What is the value of 21 - (-21 + 44) - 15?
-17
What is the value of -48 - -56 - (-4 + 0 - -19)?
-7
Evaluate (4 - (9 + -5)) + 14 + (2 - 5).
11
Evaluate (-8 - (-9 + 28)) + 53.
26
What is -18 - (-16 + 5) - -9?
2
13 - (12 + -7 + 0 - (-1 + 3))
10
What is the value of -3 + 0 + (-1 - -13 - 25) - 2?
-18
Calculate -10 + 17 + 0 + -7.
0
Calculate 44 + (7 - 27) - 8.
16
What is the value of 10 + -7 + 4 + (33 - 29) - -1?
12
Calculate (1 - 30) + -47 + 68 + (0 - 12).
-20
Calculate 1 - (-8 + (-15 - -27)).
-3
What is the value of -4 - (-3 - -1 - (-5 + 11 - 17))?
-13
-12 - 7 - ((-5 - 1) + -2)
-11
13 - (-4 - ((7 - 14) + 5) - -5)
10
What is -2 + 19 - (222 + -223)?
18
Calculate -33 - (-63 + 30) - (-4 - -2).
2
Evaluate -15 - (-16 + 1 - -10).
-10
Calculate 2 - (5 - 6 - (-10 - -3)) - -28.
24
Evaluate 22 + (-18 + 14 - -3).
21
What is 20 + -28 + -2 + -5?
-15
What is the value of -5 - (9 + 2 + (11 - 60) + 19)?
14
Calculate 3 - 1 - (-25 + 51) - (11 - 2).
-33
What is the value of -20 - (-18 - 0 - 4)?
2
Evaluate -91 - -86 - (7 - 1).
-11
What is 1783 + -1781 - (0 + (-7 - 0))?
9
4 - (0 + 2 + 21 + -17)
-2
Evaluate -3 + 4 + 3 + -3.
1
-13 - 3 - -21 - -20
25
Evaluate -12 - -12 - ((-25 - 1) + (12 - 5)).
19
34 - 47 - (-1 - -2)
-14
What is 7 + ((-8 - -16) + -2 - (0 - -10))?
3
What is the value of 3 + (45 - 38 - (0 + 5) - -3)?
8
Evaluate -2 - (6 + -46) - -3.
41
What is the value of 28 + 5 + -13 - 16?
4
Evaluate (-2 - 0) + 2 + 1 + 1390 + -1391.
0
What is the value of (414 - 416) + 3 + -2 + -10 + -1?
-12
Calculate (0 + 1 - 1) + (-23 - (-60 + -2)).
39
What is -3 + -1 - (10 - 32)?
18
What is 8 + -9 + (-4 - (1 + 6 - 6))?
-6
What is -1 + (9 - 18 - 8) + -18?
-36
Calculate -21 - ((8 - -6) + -19).
-16
What is (7 - 6 - -1) + 0 - (-6 + 1)?
7
What is 0 + 0 - -1 - (250 + -157 + -57)?
-35
Evaluate 1 + 7 + -9 + 1 + 9.
9
Evaluate -10 - (-10 + 0 + 2) - -13.
11
What is the value of -7 + 12 + -9 + -4 + (-2 - 5)?
-15
Calculate -323 + 346 - (12 + -1).
12
Calculate (-46 - (-16 - 8)) + 7.
-15
-11 + (0 - 8 - (19 - (11 + 10)))
-17
Calculate (-4 - -2) + -49 + 23 + 10.
-18
What is (-12 - (4 - 20)) + -2 + -19?
-17
Evaluate 20 - (11 - 0 - (-32 - (-26 + -16))).
19
Evaluate (-5 - (-9 + 2)) + (-7 - 20).
-25
1 + (-4 - (-7 + 18) - 13)
-27
Calculate 5 + -2 - ((-11 - (0 + 5)) + 2).
17
What is 7 + 10 + -9 + 3 + -11?
0
Evaluate -1 + -18 - (75 - 80).
-14
What is the value of -40 + 12 - ((6 - (-3 - -9)) + -1)?
-27
Evaluate 3 - 1 - (14 - (-7 + 20 + 12)).
13
Calculate (1 - 2) +